(-15) + -8)*-5 composite?
False
Let w = 3216 - -97. Is w prime?
True
Let v = -37993 + 83748. Is v composite?
True
Let x = -6 + 293. Suppose x = -4*l + 5*l. Is l composite?
True
Suppose -3*p - 40 = p. Let y = -10 - p. Suppose y = -5*n + 13 + 52. Is n a composite number?
False
Let f(d) = d**2 + 12*d + 14. Let q be f(-11). Suppose q*b = 623 - 134. Is b a composite number?
False
Let m(k) = 2*k**3 + 12*k**2 - 2*k - 1. Let c be m(-6). Is 46/(1 + (-9)/c) a composite number?
True
Let j = 368 - 218. Let z = j - 5. Is z a prime number?
False
Is 7*1/14*(3 + 43059) a composite number?
True
Suppose -5 + 30 = 5*k. Suppose -k*y - 4 + 14 = 0. Suppose 0 = l + y*l - 201. Is l prime?
True
Suppose 0 = z - 3*d - 5586, -1504 = -z - d + 4102. Is z a prime number?
False
Let y = -6135 + 8981. Is y prime?
False
Let g(z) = z**3 + 7*z**2 - 2*z - 4. Let s(u) = 3*u**3 + 22*u**2 - 5*u - 13. Let t(j) = 8*g(j) - 3*s(j). Let k be t(-8). Let c = -67 - k. Is c a prime number?
False
Suppose -6839 = -2*c + u, 0*c + 13684 = 4*c - 4*u. Is c a prime number?
False
Let o(h) = 2*h**2 - 13*h - 3. Let i be o(7). Suppose -i*z + 0*z = -2348. Is z a prime number?
True
Suppose a = -5 + 6. Suppose 2*t - 2*g = 0, 2*g = -t - 7 + a. Is (-1 - 29)*1/t a prime number?
False
Let t = 2846 + -1933. Is t a prime number?
False
Suppose -4*z = -107 + 139. Is 26445/9 - z/12 composite?
False
Suppose 90*x = -21*x + 1437783. Is x prime?
True
Let w(f) = 2*f**2 + 8*f + 9. Let t be w(-6). Let y = 152 + t. Is y a composite number?
True
Suppose -4*i + 0*j = -3*j - 26, 3*i - 2*j = 19. Suppose 2*q - 3315 = -m, 442 = 2*q + i*m - 2893. Is q a composite number?
True
Let k(v) = 918*v**2 - 2*v - 1. Let p = -62 + 61. Is k(p) a prime number?
True
Suppose 21083 = 5*y - a - 9464, y + 5*a = 6099. Is y prime?
False
Let h(s) = s**3 + 21*s**2 + 24*s + 25. Is h(-16) a prime number?
False
Let x be 15/(-6)*8/(-20). Is 1*(116 + 4) + x composite?
True
Let j(i) = 94*i - 1. Suppose d = 2*o - 7, 0 = -0*d - 3*d + 4*o - 15. Let u be j(d). Let g = 160 + u. Is g a composite number?
True
Suppose -p + 240 = 5*h - 140, -4*p + 4*h = -1592. Let i = 2 - 2. Suppose i*c + p = 5*c. Is c a composite number?
False
Let a(b) = -b**3 - 6*b**2 - 6*b - 1. Let i be a(-5). Suppose h = -i*d + 109, 5*h - d - 530 = 78. Is h prime?
False
Let b(f) = 35*f + 3*f**2 - 5*f + 8 + 2*f. Is b(-17) a composite number?
False
Let c = -31 - -37. Is 16336/12 + (-3 + 1)/c a prime number?
True
Let s = -12525 - -23596. Is s prime?
True
Let k = 364 - 563. Let f = 210 - k. Is f composite?
False
Suppose v + 2 = -4*q, 2*v + 3*v = 5*q - 10. Suppose 3*m + 4*t - 20 = q, m - 3*t = -10 - 5. Suppose m = 5*f - 0*f - u - 295, f = -5*u + 59. Is f prime?
True
Suppose 0 = 3*l + 3, -2*a + 11258 = 10*l - 14*l. Is a composite?
True
Suppose 9*b - 4*b = 4*u - 106387, 53186 = 2*u - 4*b. Is u composite?
True
Let m(s) = -356*s + 47. Is m(-9) prime?
True
Let z be (-2 + 8)*(-3 + 2). Let y(s) = s**3 + 7*s**2 + 11*s + 13. Let g be y(z). Let r = g - -54. Is r prime?
True
Let v(x) = x**2 - 16*x + 19. Suppose 0 = -4*l + 12 + 40. Let n be v(l). Let k = n - -41. Is k prime?
False
Suppose -3*q - 1116 = 3*u - 6*u, -3*u - 3*q = -1092. Let i = u - 225. Is i a prime number?
False
Suppose 36*u = -29*u + 120055. Is u composite?
False
Let i = 45 - 25. Let s be (-35)/(-25)*i/4. Suppose 623 = s*t - 938. Is t a prime number?
True
Let c be 168/16*(-36)/(-7). Let v be 0/(3/(6/(-4))). Suppose -22 = -4*r - 4*q + c, v = -2*q - 8. Is r prime?
True
Suppose 3*r - 2*g = 9824 + 10371, -3*g + 6728 = r. Is r a composite number?
True
Let o(i) = -11*i**2 - 51*i**3 + 12*i**2 - 4*i + 3 - 2. Is o(-3) a composite number?
False
Let a(l) = -14*l**3 + 6*l**2 + 24*l + 261. Is a(-10) prime?
True
Let o = -575 - -3555. Suppose 23*d - o = 19*d. Is d a prime number?
False
Let j = -339 + 604. Is j a composite number?
True
Suppose 8*u - 58 = 22. Suppose c - 2*l - 22 - 25 = 0, -5*c + 3*l + 221 = 0. Let x = u + c. Is x prime?
True
Let z(f) = 19*f**3 - f**2 - 10*f + 89. Is z(11) composite?
False
Let m = 84 + -69. Is m a composite number?
True
Let b(v) = -v + 16. Let f be b(12). Let o(q) = -q - f + 4*q - 6*q**2 - q**3 + 16*q**2 - 5. Is o(8) a composite number?
True
Let q be 0 + 2 + 0 + -588. Let k = q + 1217. Is k a composite number?
False
Suppose -4*k + 2427 + 80545 = 0. Is k composite?
False
Let u = 23 + -11. Suppose -4*x - 4*o + 53 = 21, u = -x + 4*o. Suppose 51 = l + x. Is l prime?
True
Let t be (-6)/4 - 22/(-4). Let q = t + 45. Is q composite?
True
Suppose 4625 = 12*k - 20011. Is k prime?
True
Suppose 2*y - 5*s - 1843 = -8*s, -3*y + 5*s = -2774. Is y a composite number?
True
Suppose -3*v = -7 + 1, -3*d + 5*v = -1427. Let u = 898 - d. Is u prime?
True
Let s(z) = -3741*z + 70. Is s(-1) a prime number?
False
Let b(o) = -145*o + 61. Let w(n) = 97*n - 41. Let r(m) = -5*b(m) - 7*w(m). Is r(4) a composite number?
True
Let z be -4 + 3 + (885 - -2). Let p = 1365 - z. Is p prime?
True
Let n(u) = u**2 - 3*u + 3. Let i be n(0). Suppose -q + 217 - 61 = 4*w, i*w = -4*q + 117. Is w a composite number?
True
Let c be (3 - 34/14)*(-14)/(-4). Suppose 2*b - i - 174 = -c*i, 5*b - 2*i = 453. Is b composite?
False
Suppose -7 = -3*k - x - 42, k + 3*x + 25 = 0. Is (-25)/k*(-354)/(-5) a prime number?
False
Let g(k) = -2*k**2 - 5*k + 4. Let l be g(-5). Is (l/4)/((-6)/56) a composite number?
True
Let y = -4 + -1. Let k(a) = -2*a**3 - 7*a**2 + 3*a + 4. Let z be k(y). Suppose l = z + 30. Is l a composite number?
True
Suppose 2*l - 3*p - 1 = -0*p, 4*l - 11 = -3*p. Suppose -2*g - l*y + 752 = -0*g, -2*g + y + 743 = 0. Is g a prime number?
True
Suppose -6*v + 71 = -9541. Suppose o - 819 = -4*n, -5*o + 3*o + n = -v. Is o prime?
False
Let p(n) = -1 + 8*n + 5*n - 14*n. Let b be p(-3). Suppose 0 = -5*w - 4*l + 2946, 0 = -3*w + b*w - 4*l + 602. Is w prime?
False
Let g = -22 - -24. Suppose 5*l - 1267 = g*z, -5*z - 223 = -5*l + 1047. Is l prime?
False
Let w(h) = 6*h**2 + 40*h - 5. Let p = -76 - -64. Is w(p) a composite number?
False
Let g(h) = 2*h**2 - 5*h - 26. Let a be g(23). Let b = -643 + a. Is b a composite number?
True
Suppose 4*s + 2*y - 24662 = 0, -2*s + 16069 = -4*y + 3763. Is s a composite number?
False
Let v(x) = -x**2 + 6*x - 7. Let y be v(6). Let j(p) = 17*p + p**2 + 6 + 9*p - 26*p. Is j(y) prime?
False
Let x = -256 + 636. Let z = 67 + -62. Suppose x = z*f - 330. Is f a composite number?
True
Let n(g) = -17*g + 15. Suppose p = -2 - 2. Is n(p) a prime number?
True
Let y(n) = 3*n**3 + 19*n**2 + 8*n - 11. Is y(14) a prime number?
False
Let i = 15022 + -7056. Suppose 0 = 2*d - 0*d - i. Is d prime?
False
Suppose 5*c = -4*b - 1695, -2*b - 1318 = 5*c + 367. Let p(f) = 2*f**2 + 76*f + 104. Let o be p(-38). Let i = o - c. Is i a composite number?
False
Let z be -2*(3 - (-82)/(-4)). Let a = -41 + z. Is (6636/(-36))/(2/a) composite?
True
Suppose 0 = 9*s - 24695 - 55288. Is s composite?
False
Let o be (-90)/(-1) - (-3)/(-1). Let p = 93 + o. Let m = 265 - p. Is m a composite number?
True
Let v be 9 + -11 - (0 - -3). Let g(d) = -9*d**3 - 3*d**2 + 2*d + 21. Is g(v) a prime number?
True
Suppose 14*o = 6151 + 28723. Is o a prime number?
False
Let b = -57183 + 119480. Is b prime?
True
Suppose 2*q = -k + 18528, -4*q - 4*k + 18534 = -2*q. Is q a composite number?
True
Let a(n) = 155*n**2 - 9*n + 29. Is a(7) composite?
False
Let h = 140 + -93. Suppose -4*q - 73 - h = 0. Is (-18950)/q - (-4)/(-6) a composite number?
False
Let o(m) = -m + 5. Let v be (2 + 0)*20/8. Let p be o(v). Suppose -i + 4*y + 1028 = 3*i, p = -i + 5*y + 249. Is i a prime number?
False
Let q = -1 + 1. Let x(w) = -119415*w**2 - w + 259 + 2*w + 119414*w**2. Is x(q) a composite number?
True
Suppose 3*l + 2*l + 45 = 0. Let j(g) = g**2 + 9*g - 1. Let d be j(l). Is (42/(-9))/(d/3) prime?
False
Let n = 25 - 15. Suppose -18*k + 47848 = -n*k. Is k prime?
True
Let w = 16533 - 2312. Is w a prime number?
True
Let f(q) be the third derivative of -q**6/120 + 13*q**5/60 - 3*q**4/8 - 17*q**3/6 - 9*q**2 - 2. Let k(c) = -3*c - 6. Let g be k(-6). Is f(g) a composite number?
False
Let u(q) = -10*q - 14 + 4 - 4*q. Is u(-4) prime?
False
Let k = 167087 - 93760. Is k a composite number?
False
Let a = 23661 + -8162. Is a composite?
True
Suppose -180*m + 182*m = -14. Let c(v) = 29*v**2 + 4*v + 8. Is c(m) prime?
False
Suppose -20593 = -5*i - 2*p, -i -